00000100111011 + -1?
-10000000100111100
In base 11, what is 2393 - -12?
23a5
In base 8, what is 50 - 742?
-672
In base 9, what is -111380 + -4?
-111384
In base 14, what is 1 - 5976?
-5975
In base 6, what is 11455 + 2305?
14204
In base 6, what is 13052 - 311?
12341
In base 14, what is 325dc9 - 5?
325dc4
In base 11, what is -6a0100 + 3?
-6a00a8
In base 2, what is 1110001000011101110111 + -100?
1110001000011101110011
In base 16, what is 3 + b50c?
b50f
In base 8, what is -1 - -14320?
14317
In base 4, what is -3 - -2203330?
2203321
In base 12, what is 4 - 19947?
-19943
In base 15, what is dbc - -e?
dcb
In base 4, what is 2320 + 13210332?
13213312
In base 13, what is -1 - 210701?
-210702
In base 8, what is -211 - -20?
-171
In base 2, what is -10100000100100 + 111?
-10100000011101
In base 4, what is -12031 - 1201?
-13232
In base 13, what is 400 - 4c?
381
In base 14, what is 1 - 548?
-547
In base 2, what is 1010 + 10011011100?
10011100110
In base 13, what is -1516 - 8b2?
-20c8
In base 13, what is 1 - 10bc57?
-10bc56
In base 5, what is -4 + 44013?
44004
In base 10, what is -10663 + 24?
-10639
In base 5, what is -4 + -21110444?
-21111003
In base 14, what is -1d417 - -3?
-1d414
In base 14, what is -2ab77 - 1?
-2ab78
In base 12, what is -5 + 44a28?
44a23
In base 14, what is -795 + -198?
-94d
In base 3, what is 1011010112 - -22?
1011010211
In base 12, what is -5 + 8298?
8293
In base 15, what is -67c8 - 7?
-67d0
In base 7, what is -3166353 + 4?
-3166346
In base 9, what is -164 - -456?
282
In base 14, what is -1 + -24a73?
-24a74
In base 2, what is 111110 - 10010100010?
-10001100100
In base 8, what is 6 + -1625326?
-1625320
In base 15, what is 0 - -210b9?
210b9
In base 8, what is -30151 + 54?
-30075
In base 3, what is -120000020 + -2?
-120000022
In base 2, what is -101101011001110 - -111?
-101101011000111
In base 13, what is -97 + b62?
a98
In base 11, what is -16490 + -1?
-16491
In base 7, what is -2 + -511111?
-511113
In base 11, what is 1 - -a0545?
a0546
In base 12, what is 895 - -5?
89a
In base 12, what is 15a9 + 121?
170a
In base 3, what is -11101 - -12?
-11012
In base 11, what is 19 - -19398?
19406
In base 6, what is 1 + 121330?
121331
In base 13, what is -1474 - 157?
-15cb
In base 13, what is 1 - 13b2c6?
-13b2c5
In base 12, what is 49b1 - 6?
49a7
In base 4, what is 10102121 + -11?
10102110
In base 13, what is 3458 - -25?
3480
In base 16, what is 3 - -78606?
78609
In base 9, what is -671 - -20?
-651
In base 5, what is 22133 - 1413?
20220
In base 2, what is -1111001100000 - -11100011?
-1110101111101
In base 4, what is -303223122 + -1?
-303223123
In base 7, what is -5 + -663155?
-663163
In base 12, what is -1 - -2130?
212b
In base 3, what is 12212021001 - 1?
12212021000
In base 3, what is -10 + -2011110012200?
-2011110012210
In base 4, what is 1 - 101102331?
-101102330
In base 13, what is -58 + 35?
-23
In base 9, what is -116856 - 53?
-117020
In base 11, what is 737 + 4?
740
In base 14, what is b6d + 55?
bc4
In base 10, what is -35 - 373?
-408
In base 9, what is 2111 + 80?
2201
In base 11, what is 2 - 1941a?
-19418
In base 14, what is -6 + 6c7?
6c1
In base 10, what is -76 + 599?
523
In base 2, what is 10111000011011 - 0?
10111000011011
In base 12, what is 4b1 - 7?
4a6
In base 12, what is 1 - -60a4?
60a5
In base 6, what is 15 - 1254104?
-1254045
In base 5, what is 2012444 - 10?
2012434
In base 4, what is -22 + 301121?
301033
In base 3, what is -10 + 102100201?
102100121
In base 13, what is -2 - 7942?
-7944
In base 4, what is -23211 - 22021?
-111232
In base 14, what is -4 - -7233a?
72336
In base 15, what is 1 - 2007a?
-20079
In base 2, what is -11 + 1001000001010110?
1001000001010011
In base 6, what is -5 + -211421?
-211430
In base 10, what is 0 - 57280?
-57280
In base 8, what is -11114476 + -5?
-11114503
In base 6, what is -25544 + 343?
-25201
In base 5, what is -22230 - 23?
-22303
In base 7, what is -3330 - 134?
-3464
In base 12, what is -402a - 5?
-4033
In base 2, what is 111111001 - 10011110000?
-1011110111
In base 16, what is b1 + 14?
c5
In base 14, what is -b52 - -a3?
-a8d
In base 15, what is -23 - -4692?
466e
In base 8, what is 33 - -2075?
2130
In base 16, what is -1a5b - 1da?
-1c35
In base 12, what is -1475b - -73?
-146a8
In base 11, what is 20140 + 0?
20140
In base 9, what is -2 - 3406150?
-3406152
In base 16, what is 26e - 21dc?
-1f6e
In base 6, what is -12202044 - -1?
-12202043
In base 16, what is -2c6 - -18?
-2ae
In base 16, what is -9e - 42c3?
-4361
In base 4, what is 22 + 1300322231?
1300322313
In base 13, what is 30cc2 - -20?
31012
In base 6, what is -3 + -2205005?
-2205012
In base 2, what is 100100000 - -1010110100?
1111010100
In base 9, what is -4 + -16577?
-16582
In base 9, what is 57725 + -4?
57721
In base 11, what is -6 - 5019?
-5024
In base 9, what is -86744 - 0?
-86744
In base 5, what is 0 + -444300?
-444300
In base 11, what is -1 + 268995?
268994
In base 16, what is 3 + -84c?
-849
In base 12, what is -1 + -a6710?
-a6711
In base 12, what is 11 - 15154?
-15143
In base 13, what is 4b - -4a?
98
In base 11, what is -284299 - -4?
-284295
In base 6, what is -2551135 - -5?
-2551130
In base 8, what is 32130376 - 3?
32130373
In base 2, what is 1 - -10010000001111110010?
10010000001111110011
In base 14, what is 221 - 2a?
1d5
In base 14, what is 6 - 15954?
-1594c
In base 14, what is a3b9 + 4?
a3bd
In base 7, what is 2 - -201051?
201053
In base 3, what is 10 + -1200012200?
-1200012120
In base 3, what is 0 - -2221011001?
2221011001
In base 9, what is -3 - -2450704?
2450701
In base 14, what is -1 + c7b97?
c7b96
In base 15, what is -1 + ed4b8?
ed4b7
In base 11, what is 2 - -7a024?
7a026
In base 5, what is -424410 - 41?
-430001
In base 6, what is 10150 + 554?
11144
In base 11, what is 31 + -1368?
-1337
In base 2, what is 111011101000 + -1101101101?
101101111011
In base 11, what is 3a - -594?
623
In base 8, what is -276 + -573?
-1071
In base 12, what is -240 - -255?
15
In base 12, what is 2 - 232b?
-2329
In base 12, what is -6b54 - 3?
-6b57
In base 2, what is -10 + -10100001000010100?
-10100001000010110
In base 3, what is 11000 + 21201022?
21212022
In base 16, what is -1ab + -b3?
-25e
In base 5, what is 4 + 114022?
114031
In base 8, what is -20 + -2423?
-2443
In base 7, what is -20 + 4635?
4615
In base 10, what is 706 + -1001?
-295
In base 10, what is 224 - 15?
209
In base 5, what is 2120014114 - 1?
2120014113
In base 11, what is -4 - -28277?
28273
In base 4, what is -2 + 302232200?
302232132
In base 16, what is -5c6 - 1c?
-5e2
In base 13, what is 13c + 53?
192
In base 13, what is -998 - 48?
-a13
In base 16, what is 2 - 60d8?
-60d6
In base 7, what is -62 - 2400?
-2462
In base 16, what is d - 26af?
-26a2
In base 2, what is -1111100110 + 1001010?
-1110011100
In base 7, what is -4 - 2230042?
-2230046
In base 10, what is -2 + 2000?
1998
In base 13, what is -51b6 - -a?
-51a9
In base 7, what is -5 + -36664?
-40002
In base 10, what is -11 - 27853?
-27864
In base 16, what is 11f0 + -6?
11ea
In base 7, what is 2 - -131162?
131164
In base 16, what is -c - -3645?
3639
In base 13, what is -4 + -651a8?
-651ac
In base 12, what is -19a + -567?
-745
In base 5, what is -1 - -1032033?
1032032
In base 5, what is -1123101113 + 10?
-1123101103
In base 13, what is 2a89 - 38?
2a51
In base 9, what is -341214 + 3?
-341211
In base 9, what is -526 + 1665?
1138
In base 14, what is -4cb + -4a?
-537
In base 3, what is -2212000 + -111210?
-10100210
In base 13, what is -1a + -18a7?
-18c4
In base 5, what is -22040102 + -10?
-22040112
In base 4, what is -200 + -21331?
-22131
In base 10, what is 5643 + -117?
5526
In base 5, what is 3 - 1322430?
-1322422
In base 7, what is 6533 + 66?
6632
In base 4, what is 1322021 + -2?
1322013
In base 11, what is 280 + -6a?
211
In base 7, what is 13013 + -252?
12431
In base 11, what is -4 + 8a09?
8a05
In base 14, what is 50d7 - -1?
50d8
In base 8, what is 1 + -234315?
-234314
In base 4, what is 2301 + 1102?
10003
In base 7, what is 241 + -15124?
-14553
In base 12, what is 10 - 1b6?
-1a6
In base 12, what is 23b + -59a?
-35b
In base 6, what is -31154 + 233?
-30521
In base 13, what is -172c5 + 1?
-172c4
In base 2, what is 1101010 - -1011?
1110101
In base 13, what is -1c49c - 2?
-1c4a1
In base 11, what is -1002816 - -1?
-1002815
In base 13, what is 178